21012
In base 9, what is -708 + -163?
-872
In base 6, what is 5 - 24530303?
-24530254
In base 6, what is 1422512 - 50?
1422422
In base 16, what is -17 - 11a8e7?
-11a8fe
In base 16, what is 0 + -1a11ef?
-1a11ef
In base 3, what is 110200 + -1112120012?
-1112002112
In base 2, what is 100 - 110010011000111001111101?
-110010011000111001111001
In base 11, what is -88066210 - -4?
-88066207
In base 13, what is -3 + 4cb650?
4cb64a
In base 4, what is -1 + 33322031?
33322030
In base 16, what is -9c8b8f + 1?
-9c8b8e
In base 4, what is -200220133112 + -2311?
-200220202023
In base 12, what is 994307 - 1?
994306
In base 12, what is 1445236 + 2?
1445238
In base 2, what is 1010 - -1111000101001101110?
1111000101001111000
In base 4, what is 1103112022 + -1023021?
1102023001
In base 15, what is 141 + -18073?
-17e32
In base 8, what is 10052 - 21520?
-11446
In base 8, what is -24215 + -3431?
-27646
In base 6, what is -13543504110 - -1?
-13543504105
In base 16, what is -49 - 34a33c?
-34a385
In base 8, what is -111531725 - -2?
-111531723
In base 15, what is -1 + 384aa32?
384aa31
In base 15, what is -b355ae + -1?
-b355b0
In base 2, what is 11111111111000101000111101 - -101?
11111111111000101001000010
In base 10, what is 8690 - -154?
8844
In base 16, what is -abbc1 - 105?
-abcc6
In base 6, what is -14 + 114304142?
114304124
In base 11, what is 2 + -1926935?
-1926933
In base 10, what is 591 - -40874?
41465
In base 6, what is -5 + -11435412325?
-11435412334
In base 9, what is 3 - 54176452?
-54176448
In base 9, what is 167528 + 1345?
168874
In base 12, what is 153846a + -5?
1538465
In base 9, what is -43406741 + -2?
-43406743
In base 12, what is -22540 - 273?
-227b3
In base 12, what is 12a6686b + 5?
12a66874
In base 12, what is -3a1 + -27807?
-27ba8
In base 11, what is 26 - -a7603?
a7629
In base 5, what is -111104022312 - -10?
-111104022302
In base 8, what is 540437 + -676?
537541
In base 8, what is -5 + -47753611?
-47753616
In base 11, what is 56765 - 1755?
55010
In base 12, what is 46a - 5b38?
-568a
In base 12, what is 12b8076 + 5?
12b807b
In base 4, what is -21030311332110 + -11?
-21030311332121
In base 14, what is -1 - -20c1c937?
20c1c936
In base 7, what is -211 + 1534434?
1534223
In base 15, what is 753c7 - -101?
754c8
In base 16, what is 17e132f + a?
17e1339
In base 12, what is 25 - 59a8?
-5983
In base 4, what is 21 + 1123212223013?
1123212223100
In base 4, what is -33103 + -22212?
-121321
In base 5, what is -32 + 1110043104?
1110043022
In base 11, what is -54 - -104804?
104760
In base 12, what is -7b + -27383?
-27442
In base 6, what is -2231111 - -303?
-2230404
In base 10, what is -1501 + -50014?
-51515
In base 5, what is -1141132400 + -12?
-1141132412
In base 6, what is -5451 - 10210?
-20101
In base 3, what is 1111 - -212212102112221?
212212102121102
In base 13, what is -598a + 413?
-5577
In base 9, what is 1 + -5673571?
-5673570
In base 15, what is -3e880d + -1?
-3e880e
In base 13, what is 756212 - -12?
756224
In base 8, what is 0 - 3454763?
-3454763
In base 4, what is 1000 + -210121322?
-210120322
In base 11, what is 11 + 186734a?
1867360
In base 11, what is 19676075 + 2?
19676077
In base 11, what is -1883374 + -48?
-1883411
In base 12, what is 673aaa4 + -9?
673aa97
In base 9, what is -64411 - 17233?
-82644
In base 15, what is 2ee380 + -3?
2ee37c
In base 4, what is -30313311 - -13031?
-30300220
In base 11, what is -67594a2aa + 4?
-67594a2a6
In base 12, what is -4857a0 - -6a?
-485732
In base 7, what is -111113 - 1414?
-112530
In base 5, what is -3 + 10242020?
10242012
In base 5, what is -1 + -1024102404?
-1024102410
In base 5, what is -13003432 - -124411?
-12324021
In base 13, what is -288c014 + -3?
-288c017
In base 15, what is -6573b - 13?
-6574e
In base 6, what is 155 - -15403342?
15403541
In base 15, what is 27a + -14b0?
-1235
In base 4, what is 10031 + -3123023212?
-3123013121
In base 3, what is 10220 - 22212010212?
-22211222222
In base 9, what is -11445 - 1017?
-12463
In base 12, what is 1458761 - 6?
1458757
In base 8, what is -1362 + 73143?
71561
In base 15, what is -4b5ca - -33?
-4b597
In base 14, what is 10 - -16ad3?
16b03
In base 2, what is 100001111000101 - 1?
100001111000100
In base 14, what is ac - 5b0442?
-5b0374
In base 14, what is -23c - -c781?
c543
In base 3, what is -200210221211202 - 101?
-200210221212010
In base 3, what is -11202012 - 10021212020?
-10110121102
In base 4, what is -122013213102 - 310?
-122013220012
In base 7, what is 3023202 + 412?
3023614
In base 12, what is -1662762 + -5?
-1662767
In base 10, what is -4 + -1482481?
-1482485
In base 8, what is -660 - 25112?
-25772
In base 16, what is -2dc30 + 1df?
-2da51
In base 16, what is -245be + -49a?
-24a58
In base 5, what is 22 - -400420430?
400421002
In base 7, what is -1200 - 53451?
-54651
In base 11, what is 4694952 + -15?
4694938
In base 5, what is -14102 + 104112?
40010
In base 2, what is -100 - -1111010001111111111?
1111010001111111011
In base 15, what is 1d1 - c874?
-c693
In base 12, what is -24aa5a9 + 4?
-24aa5a5
In base 12, what is 41442 - 2a5?
41159
In base 6, what is -34230325 - -5?
-34230320
In base 12, what is 14b + -205b8a?
-205a3b
In base 9, what is -4 - 533061?
-533065
In base 9, what is 45 - 18286868?
-18286823
In base 8, what is -1405 - 157445?
-161052
In base 3, what is -11 + 22010102001200202?
22010102001200121
In base 5, what is -2044324422430 + 4?
-2044324422421
In base 12, what is -71643b47 - 4?
-71643b4b
In base 9, what is -22241513 + 4?
-22241508
In base 5, what is -12314331232 + 3?
-12314331224
In base 3, what is 20020201 + -1020202011?
-1000111110
In base 2, what is -10 - 1101100001111100110000?
-1101100001111100110010
In base 2, what is -10001001111110011111 - 1000010?
-10001001111111100001
In base 8, what is 57150 - -113266?
172436
In base 11, what is -926 + -204651?
-205477
In base 14, what is 1c4 + -3d80b?
-3d627
In base 6, what is 13303 - -333103?
350410
In base 6, what is 1342225513 + -4?
1342225505
In base 7, what is 530 + -154603?
-154043
In base 12, what is 775 - 7731?
-6b78
In base 11, what is -13 + 200510?
2004a8
In base 10, what is 104109 - 268?
103841
In base 9, what is -17518228 - 2?
-17518231
In base 4, what is -2231120 - 100230?
-2332010
In base 8, what is 607064 - -43?
607127
In base 6, what is -52134115001 + 2?
-52134114555
In base 4, what is 23320110 + 11201?
23331311
In base 9, what is -370822 - -8?
-370813
In base 5, what is -10324 - 3131310?
-3142134
In base 5, what is 4 + -4332020213?
-4332020204
In base 2, what is -1100 - 110011000010111110001?
-110011000010111111101
In base 15, what is -12e311 + -26?
-12e337
In base 2, what is 10 + -100000110011000101010001?
-100000110011000101001111
In base 11, what is -72091 - -137?
-71a55
In base 10, what is -1394 - 202851?
-204245
In base 8, what is -100335 - 1517?
-102054
In base 16, what is 58 - -5fde2?
5fe3a
In base 12, what is -1b - -88aba2?
88ab83
In base 6, what is -310511 + 105335?
-201132
In base 12, what is 447 - -11618?
11a63
In base 11, what is 5 - -1001a42?
1001a47
In base 15, what is -5 + 1d79e5?
1d79e0
In base 15, what is 91 - -324a1?
32542
In base 14, what is 220 + -1599ad?
-15978d
In base 3, what is 1 - -111111001221112?
111111001221120
In base 4, what is -1 - 1103111202?
-1103111203
In base 10, what is 226001 - -3?
226004
In base 14, what is -67593 + 3?
-67590
In base 6, what is -10 - -23250154?
23250144
In base 8, what is -173257764 - -4?
-173257760
In base 10, what is 35920 - 1491?
34429
In base 15, what is -5 + -169367e?
-1693684
In base 16, what is 9eddbc - 2?
9eddba
In base 8, what is 31 + -1270543?
-1270512
In base 14, what is -38 + -2d874?
-2d8ac
In base 5, what is -1311 - -23104242?
23102431
In base 5, what is -124114 - 12120222?
-12244341
In base 8, what is 2463 + -502?
1761
In base 15, what is -25641e + -3?
-256422
In base 15, what is -184 - 1940e?
-19593
In base 16, what is -3 - -5981b?
59818
In base 12, what is 1 - 3b84924?
-3b84923
In base 3, what is 2 - 122202020102000?
-122202020101221
In base 14, what is -616d3 - 58?
-6174b
In base 10, what is -195794 - 73?
-195867
In base 9, what is 6267 + -261?
6006
In base 16, what is 2 - -99277f8?
99277fa
In base 11, what is -540353 + -16?
-540369
In base 9, what is 44483 + -37782?
5601
In base 7, what is 25206 + -453106?
-42